982435?
3
What is the millions digit of 1502183?
1
What is the hundreds digit of 31080410?
4
What is the ten thousands digit of 16161462?
6
What is the units digit of 3634711?
1
What is the units digit of 18650696?
6
What is the hundred thousands digit of 13382615?
3
What is the thousands digit of 9537446?
7
What is the millions digit of 5996264?
5
What is the units digit of 14289083?
3
What is the units digit of 23821897?
7
What is the ten thousands digit of 17374460?
7
What is the ten thousands digit of 1144776?
4
What is the units digit of 893546?
6
What is the tens digit of 55565?
6
What is the thousands digit of 418043?
8
What is the thousands digit of 232961?
2
What is the tens digit of 2522534?
3
What is the units digit of 661813?
3
What is the millions digit of 1729677?
1
What is the hundreds digit of 557764?
7
What is the ten thousands digit of 4631341?
3
What is the units digit of 410661?
1
What is the millions digit of 4582297?
4
What is the hundreds digit of 6812191?
1
What is the tens digit of 10620482?
8
What is the units digit of 311301?
1
What is the ten thousands digit of 549271?
4
What is the units digit of 356844?
4
What is the tens digit of 3134551?
5
What is the tens digit of 30993419?
1
What is the hundred thousands digit of 217508?
2
What is the units digit of 339098?
8
What is the hundred thousands digit of 193834?
1
What is the units digit of 68692?
2
What is the ten thousands digit of 9540101?
4
What is the units digit of 190773?
3
What is the units digit of 6928268?
8
What is the ten thousands digit of 443488?
4
What is the units digit of 197616?
6
What is the thousands digit of 146511?
6
What is the millions digit of 1933908?
1
What is the ten millions digit of 18818491?
1
What is the ten thousands digit of 5036957?
3
What is the ten thousands digit of 1534849?
3
What is the hundreds digit of 1608740?
7
What is the tens digit of 131119?
1
What is the hundreds digit of 995447?
4
What is the hundreds digit of 12376552?
5
What is the tens digit of 3023894?
9
What is the tens digit of 8085402?
0
What is the units digit of 5636171?
1
What is the hundred thousands digit of 28217074?
2
What is the ten thousands digit of 22432?
2
What is the hundred thousands digit of 659925?
6
What is the hundreds digit of 1209854?
8
What is the hundred thousands digit of 147767?
1
What is the ten thousands digit of 742822?
4
What is the hundred thousands digit of 1607786?
6
What is the hundred thousands digit of 7495445?
4
What is the tens digit of 198107?
0
What is the ten thousands digit of 31059?
3
What is the thousands digit of 2582788?
2
What is the hundred thousands digit of 13322562?
3
What is the hundreds digit of 202407?
4
What is the hundreds digit of 29137813?
8
What is the hundred thousands digit of 12136442?
1
What is the ten thousands digit of 322440?
2
What is the hundreds digit of 623062?
0
What is the hundreds digit of 6681921?
9
What is the tens digit of 241532?
3
What is the tens digit of 4901954?
5
What is the thousands digit of 244658?
4
What is the ten thousands digit of 1242880?
4
What is the millions digit of 10561959?
0
What is the thousands digit of 68580?
8
What is the millions digit of 2452848?
2
What is the ten thousands digit of 149489?
4
What is the millions digit of 18748128?
8
What is the units digit of 1579804?
4
What is the ten thousands digit of 865867?
6
What is the hundreds digit of 13179541?
5
What is the ten thousands digit of 2540669?
4
What is the ten thousands digit of 1127721?
2
What is the hundreds digit of 7635645?
6
What is the units digit of 35068?
8
What is the millions digit of 3950405?
3
What is the ten millions digit of 17102947?
1
What is the ten millions digit of 26347228?
2
What is the millions digit of 2948101?
2
What is the tens digit of 5612663?
6
What is the hundred thousands digit of 107112?
1
What is the hundred thousands digit of 6141866?
1
What is the tens digit of 519155?
5
What is the hundreds digit of 502497?
4
What is the ten thousands digit of 580052?
8
What is the hundred thousands digit of 115134?
1
What is the tens digit of 803310?
1
What is the ten thousands digit of 2688899?
8
What is the hundred thousands digit of 14160416?
1
What is the thousands digit of 2554267?
4
What is the hundreds digit of 11563336?
3
What is the units digit of 92472?
2
What is the units digit of 1171649?
9
What is the hundreds digit of 349863?
8
What is the units digit of 4169333?
3
What is the thousands digit of 20386?
0
What is the units digit of 519630?
0
What is the millions digit of 8255605?
8
What is the ten thousands digit of 338478?
3
What is the units digit of 177601?
1
What is the tens digit of 7738?
3
What is the units digit of 616841?
1
What is the ten thousands digit of 8806586?
0
What is the units digit of 33112?
2
What is the units digit of 34410?
0
What is the ten thousands digit of 7092715?
9
What is the ten thousands digit of 8212461?
1
What is the units digit of 3962750?
0
What is the units digit of 665527?
7
What is the units digit of 815238?
8
What is the hundreds digit of 8214978?
9
What is the hundreds digit of 480984?
9
What is the tens digit of 660339?
3
What is the ten thousands digit of 1986693?
8
What is the millions digit of 2341644?
2
What is the tens digit of 3498661?
6
What is the hundred thousands digit of 21449971?
4
What is the ten thousands digit of 5216213?
1
What is the tens digit of 2630198?
9
What is the hundred thousands digit of 6563166?
5
What is the hundreds digit of 9030436?
4
What is the ten thousands digit of 2412970?
1
What is the ten thousands digit of 2728833?
2
What is the hundreds digit of 2358860?
8
What is the tens digit of 589692?
9
What is the hundreds digit of 562?
5
What is the tens digit of 6926330?
3
What is the units digit of 410037?
7
What is the ten thousands digit of 7930247?
3
What is the thousands digit of 8223656?
3
What is the units digit of 1678656?
6
What is the units digit of 2426203?
3
What is the thousands digit of 467907?
7
What is the hundreds digit of 178687?
6
What is the hundreds digit of 1165182?
1
What is the hundred thousands digit of 15083255?
0
What is the millions digit of 2726278?
2
What is the ten thousands digit of 8197243?
9
What is the units digit of 311888?
8
What is the tens digit of 277047?
4
What is the ten thousands digit of 6187213?
8
What is the ten thousands digit of 65755?
6
What is the hundreds digit of 249867?
8
What is the ten thousands digit of 1705133?
0
What is the thousands digit of 20838584?
8
What is the units digit of 845466?
6
What is the ten thousands digit of 512554?
1
What is the hundreds digit of 619346?
3
What is the ten thousands digit of 203481?
0
What is the thousands digit of 422394?
2
What is the hundreds digit of 301327?
3
What is the units digit of 3283402?
2
What is the ten thousands digit of 15334?
1
What is the hundreds digit of 30335?
3
What is the ten thousands digit of 248973?
4
What is the thousands digit of 3370226?
0
What is the hundreds digit of 862290?
2
What is the tens digit of 1713541?
4
What is the millions digit of 1255715?
1
What is the thousands digit of 323103?
3
What is the hundreds digit of 155134?
1
What is the thousands digit of 29450698?
0
What is the hundreds digit of 9534843?
8
What is the tens digit of 24820?
2
What is the hundreds digit of 6697148?
1
What is the hundred thousands digit of 207604?
2
What is the hundreds digit of 1194163?
1
What is the thousands digit of 9721015?
1
What is the hundreds digit of 8661796?
7
What is the tens digit of 6764247?
4
What is the tens digit of 13799614?
1
What is the tens digit of 97829?
2
What is the millions digit of 7121378?
7
What is the thousands digit of 12598209?
8
What is the thousands digit of 657803?
7
What is the tens digit of 287676?
7
What is the thousands digit of 3440772?
0
What is the hundred thousands digit of 1566496?
5
What is the hundreds digit of 5224970?
9
What is the tens digit of 98931?
3
What is the hundred thousands digit of 23012086?
0
What is the thousands digit of 649627?
9
What is the tens digit of 21060855?
5
What is the hundred thousands digit of 2412506?
4
What is the hundred thousands digit of 134021?
1
What is the hundred thousands digit of 1055771?
0
What is the thou